{"id":131,"date":"2020-06-15T15:58:49","date_gmt":"2020-06-15T13:58:49","guid":{"rendered":"https:\/\/remorquesjackysoulard.com\/?post_type=product&#038;p=131"},"modified":"2021-03-09T11:15:47","modified_gmt":"2021-03-09T10:15:47","slug":"remorque-plateau-wm-meyer-roues-dessous-gamme-hln","status":"publish","type":"product","link":"https:\/\/remorquesjackysoulard.com\/index.php\/produit\/remorque-plateau-wm-meyer-roues-dessous-gamme-hln\/","title":{"rendered":"REMORQUE PLATEAU WM MEYER ROUES DESSOUS GAMME HLN"},"content":{"rendered":"<p>[et_pb_section fb_built=\u00a0\u00bb1&Prime; _builder_version=\u00a0\u00bb3.22&Prime; custom_padding=\u00a0\u00bb0px||||false|false\u00a0\u00bb][et_pb_row _builder_version=\u00a0\u00bb3.25&Prime; background_size=\u00a0\u00bbinitial\u00a0\u00bb background_position=\u00a0\u00bbtop_left\u00a0\u00bb background_repeat=\u00a0\u00bbrepeat\u00a0\u00bb width=\u00a0\u00bb100%\u00a0\u00bb custom_padding=\u00a0\u00bb0px||0px||false|false\u00a0\u00bb][et_pb_column type=\u00a0\u00bb4_4&Prime; _builder_version=\u00a0\u00bb3.25&Prime; custom_padding=\u00a0\u00bb|||\u00a0\u00bb custom_padding__hover=\u00a0\u00bb|||\u00a0\u00bb][et_pb_wc_breadcrumb _builder_version=\u00a0\u00bb3.0.47&Prime;][\/et_pb_wc_breadcrumb][et_pb_wc_cart_notice _builder_version=\u00a0\u00bb3.0.47&Prime;][\/et_pb_wc_cart_notice][\/et_pb_column][\/et_pb_row][et_pb_row column_structure=\u00a0\u00bb1_2,1_2&Prime; _builder_version=\u00a0\u00bb3.25&Prime; background_size=\u00a0\u00bbinitial\u00a0\u00bb background_position=\u00a0\u00bbtop_left\u00a0\u00bb background_repeat=\u00a0\u00bbrepeat\u00a0\u00bb width=\u00a0\u00bb100%\u00a0\u00bb custom_padding=\u00a0\u00bb0px||||false|false\u00a0\u00bb][et_pb_column type=\u00a0\u00bb1_2&Prime; _builder_version=\u00a0\u00bb3.25&Prime; custom_padding=\u00a0\u00bb|||\u00a0\u00bb custom_padding__hover=\u00a0\u00bb|||\u00a0\u00bb][et_pb_wc_images _builder_version=\u00a0\u00bb3.0.47&Prime;][\/et_pb_wc_images][\/et_pb_column][et_pb_column type=\u00a0\u00bb1_2&Prime; _builder_version=\u00a0\u00bb3.25&Prime; custom_padding=\u00a0\u00bb|||\u00a0\u00bb custom_padding__hover=\u00a0\u00bb|||\u00a0\u00bb][et_pb_wc_title _builder_version=\u00a0\u00bb3.0.47&Prime;][\/et_pb_wc_title][et_pb_wc_rating _builder_version=\u00a0\u00bb3.0.47&Prime;][\/et_pb_wc_rating][et_pb_wc_price _builder_version=\u00a0\u00bb3.0.47&Prime;][\/et_pb_wc_price][et_pb_wc_description _builder_version=\u00a0\u00bb3.0.47&Prime;][\/et_pb_wc_description][et_pb_wc_add_to_cart _builder_version=\u00a0\u00bb3.0.47&Prime;][\/et_pb_wc_add_to_cart][et_pb_wc_meta _builder_version=\u00a0\u00bb3.0.47&Prime;][\/et_pb_wc_meta][et_pb_button button_url=\u00a0\u00bbmailto:contact@remorquesjackysoulard.com\u00a0\u00bb button_text=\u00a0\u00bbNous contacter \u00a0\u00bb _builder_version=\u00a0\u00bb4.7.4&Prime; _module_preset=\u00a0\u00bbdefault\u00a0\u00bb global_module=\u00a0\u00bb714&Prime;][\/et_pb_button][\/et_pb_column][\/et_pb_row][\/et_pb_section]<\/p>\n","protected":false},"excerpt":{"rendered":"<p>La HLN Wm Meyer est un mod\u00e8le standard. Disponible en simple ou double essieu, elle dispose d\u2019un ch\u00e2ssis boulonn\u00e9, d\u2019un timon en V galvanis\u00e9, d\u2019un syst\u00e8me d\u2019essieu(x) \u00e0 suspension en caoutchouc avec marche arri\u00e8re automatique ainsi que des ridelles en aluminium anodis\u00e9.<\/p>\n<p><img loading=\"lazy\" decoding=\"async\" class=\"alignnone size-medium wp-image-117\" src=\"https:\/\/remorquesjackysoulard.com\/wp-content\/uploads\/2020\/06\/wm-meyer-LOGO-300x85.jpg\" alt=\"\" width=\"300\" height=\"85\" \/><\/p>\n","protected":false},"featured_media":143,"comment_status":"open","ping_status":"closed","template":"","meta":{"_et_pb_use_builder":"on","_et_pb_old_content":"<div class=\"itemIntroText\">\r\n<div class=\"itemIntroText\">\r\n\r\n<strong>La HLN Wm Meyer est un mod\u00e8le standard. Disponible en simple ou double essieu, elle dispose d\u2019un ch\u00e2ssis boulonn\u00e9, d\u2019un timon en V galvanis\u00e9, d\u2019un syst\u00e8me d\u2019essieu(x) \u00e0 suspension en caoutchouc avec marche arri\u00e8re automatique ainsi que des ridelles en aluminium anodis\u00e9.<\/strong>\r\n\r\n<\/div>\r\n<div class=\"itemFullText\">\r\n\r\nDes longueurs de 2.01 \u00e0 2.51m et des largeurs de 1.41 \u00e0 1.51m pour les mod\u00e8le en simple essieu avec un PTAC allant de 750 \u00e0 1 500 kg. Des longueurs de 2.60 \u00e0 4.10 m et des largeurs de 1.51 \u00e0 1.70m pour les mod\u00e8les en double essieu avec un PTAC de 2 000 \u00e0 2 500 kg.\r\n\r\n<\/div>\r\n<\/div>","_et_gb_content_width":""},"product_brand":[],"product_cat":[17,19],"product_tag":[],"class_list":{"0":"post-131","1":"product","2":"type-product","3":"status-publish","4":"has-post-thumbnail","6":"product_cat-remorques","7":"product_cat-remorques-plateaux","9":"first","10":"instock","11":"taxable","12":"shipping-taxable","13":"product-type-simple"},"jetpack_sharing_enabled":true,"_links":{"self":[{"href":"https:\/\/remorquesjackysoulard.com\/index.php\/wp-json\/wp\/v2\/product\/131","targetHints":{"allow":["GET"]}}],"collection":[{"href":"https:\/\/remorquesjackysoulard.com\/index.php\/wp-json\/wp\/v2\/product"}],"about":[{"href":"https:\/\/remorquesjackysoulard.com\/index.php\/wp-json\/wp\/v2\/types\/product"}],"replies":[{"embeddable":true,"href":"https:\/\/remorquesjackysoulard.com\/index.php\/wp-json\/wp\/v2\/comments?post=131"}],"wp:featuredmedia":[{"embeddable":true,"href":"https:\/\/remorquesjackysoulard.com\/index.php\/wp-json\/wp\/v2\/media\/143"}],"wp:attachment":[{"href":"https:\/\/remorquesjackysoulard.com\/index.php\/wp-json\/wp\/v2\/media?parent=131"}],"wp:term":[{"taxonomy":"product_brand","embeddable":true,"href":"https:\/\/remorquesjackysoulard.com\/index.php\/wp-json\/wp\/v2\/product_brand?post=131"},{"taxonomy":"product_cat","embeddable":true,"href":"https:\/\/remorquesjackysoulard.com\/index.php\/wp-json\/wp\/v2\/product_cat?post=131"},{"taxonomy":"product_tag","embeddable":true,"href":"https:\/\/remorquesjackysoulard.com\/index.php\/wp-json\/wp\/v2\/product_tag?post=131"}],"curies":[{"name":"wp","href":"https:\/\/api.w.org\/{rel}","templated":true}]}}

<p>La HLN Wm Meyer est un modèle standard. Disponible en simple ou double essieu, elle dispose d’un châssis boulonné, d’un timon en V galvanisé, d’un système d’essieu(x) à suspension en caoutchouc avec marche arrière automatique ainsi que des ridelles en aluminium anodisé.</p>
<p><img loading="lazy" decoding="async" class="alignnone size-medium wp-image-117" src="https://remorquesjackysoulard.com/wp-content/uploads/2020/06/wm-meyer-LOGO-300x85.jpg" alt="" width="300" height="85" /></p>

<div class="itemIntroText">
<div class="itemIntroText">

<strong>La HLN Wm Meyer est un modèle standard. Disponible en simple ou double essieu, elle dispose d’un châssis boulonné, d’un timon en V galvanisé, d’un système d’essieu(x) à suspension en caoutchouc avec marche arrière automatique ainsi que des ridelles en aluminium anodisé.</strong>

</div>
<div class="itemFullText">

Des longueurs de 2.01 à 2.51m et des largeurs de 1.41 à 1.51m pour les modèle en simple essieu avec un PTAC allant de 750 à 1 500 kg. Des longueurs de 2.60 à 4.10 m et des largeurs de 1.51 à 1.70m pour les modèles en double essieu avec un PTAC de 2 000 à 2 500 kg.

</div>
</div>
